+ -10)) + -8
13
Evaluate (19 - (33 + -3)) + 9.
-2
Calculate -12 - (8 + -2 - 1).
-17
Calculate -2 + (17 - 20) + 11.
6
(-8 - -6 - -1) + (-14 - (-1 - 3))
-11
22 + (19 - 37) + -5
-1
What is the value of -3 - ((2 - 10) + 0 + -6)?
11
0 + 0 + -2 - ((90 - 40) + -55)
3
What is -9 + (-11 - (-6 + 1 + 6))?
-21
What is (-37 - -37) + (1 - 1 - 4) + 4?
0
Calculate (1 - (13 + -9)) + 14 - 14.
-3
Calculate (-7 - -13) + (4 - 22).
-12
What is the value of -29 + (10 - 2) + 12?
-9
What is -26 - -41 - (-2 - (2 + -7))?
12
-7 - -4 - ((-6 - -5) + 3) - 9
-14
Evaluate (-17 - (-6 - -10 - 10)) + 0 + 6.
-5
Calculate (21 + -13 - ((4 - 0) + -1)) + 6.
11
Calculate 30 + (-35 - (-2 + -8)).
5
What is the value of -176 + 179 + 0 + -9?
-6
Evaluate (-413 - -398) + -1 + -4.
-20
(-6 - (2 - 3)) + 0 + (12 - 22)
-15
Calculate -2 + 5 + 0 - (-126 + 117).
12
What is the value of 2 + (-19 - 0 - -4) - (-3 + 0)?
-10
Evaluate (-98 - -69) + -2 + 24.
-7
Calculate (-4 - -8 - 2) + 4 + -49 + 40.
-3
What is the value of 4 + (6 + (-27 - 3) - -8) + 7?
-5
What is -20 + -12 + -18 + 41?
-9
Evaluate 1 + 2 - ((5 - -4 - 1) + -14).
9
Evaluate -2 - (-9 - 1) - (52 + -26 - 40).
22
What is the value of (-5 - 3 - 0) + 2 - -8 - 10?
-8
Calculate (75 - 69) + (3 + -5 + 3 - -10).
17
What is 2 + -15 - -13 - (0 - 1)?
1
Evaluate (5 - 1) + (0 - 2 - (24 + -34)).
12
Evaluate -1 + (6 - (4 - 6)) + -9.
-2
What is -21 + -25 + 4 - -20?
-22
Calculate (11 - 17 - -1) + 1 - 11.
-15
1 - (10 - 18) - (-2 - -12)
-1
What is the value of 16 + (-8 - (13 - 11))?
6
3 - (-1 + -7 - 10)
21
Evaluate -2 - 2 - (30 - (-55 + 75)).
-14
What is (-16 - ((-4 - 0) + 12) - 4) + 5?
-23
What is -6 - 4 - (-24 + 23)?
-9
Evaluate (23 - (0 - -29)) + -1 + 0 + -2.
-9
What is 36 + -14 + -11 + -14 + (21 - 1)?
17
What is the value of (-15 - 12) + 25 - (9 - -1) - -6?
-6
What is 59 + -44 - (1 - -26)?
-12
What is the value of (-5 - -2) + -9 - (-4 - -2)?
-10
Calculate (93 - 93) + (-4 - 2) - (1 + 2).
-9
Calculate -24 + 37 + 12 + -9.
16
What is the value of -3 - -4 - -14 - 2 - 18?
-5
Evaluate 1 - -3 - ((7 - (0 + 4)) + 0).
1
What is the value of 32 + -47 + 36 + -27?
-6
Evaluate 8 - (32 + -9 + 12 + -12).
-15
What is the value of -4 - 2 - (15 - (13 - -12))?
4
What is the value of -2 + 9 - 0 - 7 - 7?
-7
What is (7 - (0 + 1)) + (375 - 379) + -24?
-22
What is the value of 143 + -146 + (0 - ((-2 - -1) + 1))?
-3
What is the value of (-38 - -39) + (2 - (0 - 1 - -2))?
2
Calculate 16 - (2 - -11) - 6.
-3
-5 + (7 - (10 - (9 - 3)))
-2
Calculate -16 + -2 + (4 - 5) + 10.
-9
Evaluate -106 - -107 - (-32 - 2).
35
4 + (-1 - 16 - -8 - 0)
-5
Evaluate 4 + 2 + -1 + -15 + -3.
-13
Evaluate 1 + -12 - (43 - 89 - -67).
-32
11 - ((-12 - -8) + 10)
5
Evaluate 27 - (2 + 32) - (2 - -1).
-10
What is the value of 20 + (-40 - -12) + -3?
-11
Calculate 1117 - 1122 - (-1 + -1 + -5).
2
Evaluate (-4 - (-45 - -3 - -2)) + (-47 - -48).
37
(-26 + 12 - -13) + 4
3
Calculate 11 - (-11 - (-1 - (11 + -5))).
15
Evaluate 6 + -2 + -1 - (4 + 4 + -15).
10
What is -12 + 10 + (2 + 2 - -6)?
8
(32 - (14 + (-5 - 7))) + -8
22
What is -19 - (-3 - (-13 - 13 - -12))?
-30
What is the value of -84 + 88 - (7 + (-2 - 2))?
1
Calculate (-1 - 4) + (12 - 15 - (1 - 13)).
4
What is the value of (-7 - -12) + (0 + -11 + 5 - 0)?
-1
What is (-27 + 1 - 1 - (40 - 45)) + -1?
-23
Evaluate 11 - 4 - ((7 + -14 - 0) + -4).
18
What is 82 + (-142 - -68) + 4 + 1?
13
What is the value of -1 + -18 + -15 - -13?
-21
Evaluate 28 - 40 - ((-1 - -3) + -2).
-12
Evaluate (-1 - -2 - -6) + 189 + -195.
1
What is (16 - (25 + -8)) + 16 + -32?
-17
Evaluate -10 - (-26 - (-5 - -16)).
27
Calculate -2 - (-1 + 1) - (-43 + 36) - -2.
7
Calculate 73 - 85 - (13 - 2) - (0 + -11).
-12
-2865 + 2903 + (-15 - 1) + -1
21
5 + (-7 - (14 - 27)) + -1
10
Calculate (-13 - (0 - 1)) + 4 + 36 + -33.
-5
What is 1 + -6 - (6 + -48)?
37
What is the value of (3 - 11) + -10 - (-3 + (4 - 4))?
-15
Calculate -21 + 2 + -123 + 137.
-5
What is -7 - (-11 + -14 + 9 - -11)?
-2
What is the value of 0 + 8 + (116 - 114) + -7?
3
Calculate -29 + (6 - (-5 + (10 - 15) + 7)).
-20
-12 + 15 + -24 + 8
-13
Calculate 3 + -16 + 17 + (2 - 1) + 3.
8
Calculate (-8 - 8) + 32 + -19.
-3
What is (1298 - 1303) + (30 - -1)?
26
What is -12 + (20 - 13) - (7 + -2)?
-10
What is (12 + -28 + 3 - -9) + 1 + 23?
20
Calculate (-2 - -19) + -2 + (7 - (-11 - -24)).
9
Evaluate -8 + 1 - -1 - (45 - (4 - -36)).
-11
Evaluate 6 + 2 - 33 - -39.
14
Calculate 11 + (-274 - -284 - (3 + 0)).
18
Evaluate 4 + (0 + 0 + -4 - 23) + 7.
-16
What is 8 + (-75 - -57) + (-3 - 2 - -3)?
-12
-2 + 10 - (27 + 1 - (-66 + 64))
-22
What is -3 - (16 + -8 + -9 - (5 + 0))?
3
What is 9 - (-23 - (-16 - 10))?
6
Calculate 1 + 13 + (-20 - -72) + -56.
10
Calculate (4 + 2 + -1 + 9 - -11) + -7.
18
What is 7 + (3 + -4 - 0 - -13)?
19
-3 - (-13 - (-18 - -15))
7
Evaluate (1 + 9 - 16) + -9 - (-9 - -7).
-13
Evaluate 0 - 2 - (-38 - 16 - -31).
21
0 - (-12 + 11 - -7)
-6
What is the value of 37 - (49 + -26) - 5?
9
What is the value of (6 + -16 - -1 - 4) + 4 + -7?
-16
-9 + 33 + -13 - -5 - 11
5
-5 + (-10 - (1 + -13)) + 5
2
Evaluate 54 + -16 + -25 - (4 - -2).
7
What is (15 - (2 + 4) - (26 + -8)) + -16?
-25
Calculate 0 - 0 - (-3 + -7 - -5).
5
Calculate (13 - 8 - 17) + 14.
2
(-3 - -4) + -12 + 6 - -9 - 14
-10
(7 - ((6 - 2) + 12)) + 20
11
Calculate -81 - -92 - (3 + 4).
4
Calculate (2 - -1) + (23 + -7 - 12).
7
-1 + 5 + (-22 - -21)
3
What is 11 - (1 - (12 + -17))?
5
Calculate (426 - 414) + 0 + 5.
17
What is the value of (0 - -4) + (-7 + 3 - (-10 + 5))?
5
What is (188 - 237) + (33 - 2)?
-18
What is 17 + (11 - 43) - -6?
-9
Calculate -3 + -12 + 5 + 1 - -7.
-2
Calculate 5 + (-20 + 1 + -7 + 8 - -3).
-10
Calculate -8 + (-3 - -21) - (-2 + 16).
-4
What is the value of -16 + 24 + 20 - 11?
17
Evaluate (-20 - -1) + 3 + (10 - 9).
-15
1 + (56 - 57 - (0 - (-1 + -1)))
-2
What is -6 - (16 - (-13 + 19))?
-16
What is the value of -2 - -19 - (-1 + 2 + 0 + 3)?
13
Evaluate 21 - (-1 + -3 - -23).
2
Evaluate 12 + -20 + (10 - 0).
2
Calculate (17 - 17) + 1 + -4.
-3
Evaluate 7 - (5 + -2 + (0 - 3)) - 6.
1
Calculate 392 - 391 - (13 - (-1 + 0)).
-13
What is the value of (0 - -1 - (-42 + 46)) + 8?
5
12 - (-12 + 9 - -8)
7
Calculate -132 + 144 - (-1 + 25) - -25.
13
What is -7 - ((-4 - -4 - 3) + 4 - 1)?
-7
Evaluate (12 + 5 - 15) + (1 - 6 - -1).
-2
What is the value of (-325 - -315 - (2 - (0 - -34))) + 6?
28
-5 + (-3 - ((4 - 3) + 2)) - -4
-7
18 + -3 + -15 + (3 - 16)
-13
(0 - (5 + -33)) + (-17 - (-10 + 2))
19
Evaluate (-8 - -2 - 3) + (48 - 10).
29
Evaluate 4 + (6 - 7) + 1 - 11.
-7
Evaluate (-3 + 19 - -3 - 8) + (8 - 2).
17
What is the value of (4 - (-6 - -3 - -3)) + 8 + 3?
15
What is 0 + (-6 + 1 - -28 - 6) + 1?
18
What is 11 - (37 - 65 - -34)?
5
-1 - (-2 + 2) - (38 + -16 + -26)
3
35 - (17 + -25 + 25)
18
4 - (4 - (-3 - (1 - 7)))
3
What is 8 + (29 + -41 - 1)?
-5
What is the value of 46 + -1 + (8 - (12 - 0 - -1))?
40
What is the value of 11 - 5 - 48 - -27?
-15
What is (-88 - 0) + 91 - (1 - (-1 + -1))?
0
What is the value of 6 - (2 - (7 + -13))?
-2
Calculate (4 - -2) + -1 - (-62 - -58) - 6.
3
Evaluate -7 + (17 - 3) + (70 - 68).
9
(1 + -12 - (-48 + 55)) + 9
-9
What is -3 - (86 - 81 - (-1 + 3 + 2))?
-4
Calculate (25 - 13) + -10 + 7 + -4 + 5.
10
What is 1 + 8 - (36 - 8 - 16)?
-3
What is -9 + -30 + 68 + -56?
-27
Calculate 4 - (-4 + 9 + -5 - -4) - -7.
7
Calculate (14 - (-5 + 9) - 5) + 32 + -26.
11
What is -10 + (-8 - (-3 + -8)) + 8?
1
Evaluate (-1 - 7) + (273 - 292).
-27
What is the value of -20 + 34 + -17 + -16?
-19
What is the value of -11 + -1 + (-3 + -3 - -8)?
-10
Evaluate -143 + 126 + (22 - 6).
-1
What is the value of 0 - (-1 + -8) - (-6 - (1 + -1))?
15
What is the value of -17 + (11 - ((-8 - -2) + 10))?
-10
Calculate 8 + (-1 - (4 + -2)) - -2.
7
What is the value of 1 - ((-11 - -6) + 6 + 9)?
-9
(-41 - -20) + -3 + 15
-9
Evaluate (-5 + (-4 - -1) - 1) + 0 + -2.
-11
2 + -30 - -8 - -6
-14
What is -9 - ((8 - (1 + 12)) + -3 + -2)?
1
Calculate 1 - (5 - -30) - -36.
2
-6 + (15 - 9) + -1 - 14
-15
Evaluate -39 + (45 + -43 - -28).
-9
Evaluate 21 + -34 - (1 + -3) - 3.
-14
What is -31 + (-80 - -74 - (-14 - (2 + -4)))?
-25
Calculate -6 - (-2 + (-1 - 7) - (-8 - -1)).
-3
Calculate (-17 - 1) + (-10 - 6 - -31) + -10.
-13
Calculate 1 + -19 + 2 - (134 - 140).
-10
Calculate -351 + 347 - (2 - 21).
15
-177 + 149 - (8 - 32)
-4
What is 4 + -6 + 3 + 6?
7
What is 3 + -7 + (4